{"id":261,"date":"2020-03-13T18:16:58","date_gmt":"2020-03-13T17:16:58","guid":{"rendered":"https:\/\/www.baeckerei-kronsteiner.at\/start\/?page_id=261"},"modified":"2026-02-01T15:01:40","modified_gmt":"2026-02-01T14:01:40","slug":"produkte-2","status":"publish","type":"page","link":"https:\/\/www.baeckerei-kronsteiner.at\/start\/produkte-2\/","title":{"rendered":"Produkte"},"content":{"rendered":"\r\n<h2 class=\"has-text-align-center has-text-color wp-block-heading\" style=\"color: #214723; text-align: center;\"><em>Als regionale B\u00e4ckerei achten wir besonders auf die Qualit\u00e4t unserer Produkte und beziehen so weit wie m\u00f6glich unsere Rohstoffe von regionalen Lieferanten.<\/em><\/h2>\r\n<p>&nbsp;<\/p>\r\n<hr \/>\r\n\r\n\r\n<div class=\"wp-block-image is-style-default\">\r\n<h1><span style=\"color: #008000;\"><strong><em>Aus unserem Brotregal: <\/em><\/strong><\/span><\/h1>\r\n<\/div>\r\n<p>&nbsp;<\/p>\r\n<h3 style=\"text-align: center;\"><span style=\"color: #333333;\"><strong><em>Wir leben noch f\u00fcr echte traditionelle Backkunst,<\/em><\/strong><\/span><br \/><span style=\"color: #333333;\"><strong><em>wo Brot von Hand gefertigt wird und der Teig zum reifen gen\u00fcgend Zeit bekommt.<\/em><\/strong><\/span><br \/><span style=\"color: #333333;\"><strong><em>So erzielen wir den besten Geschmack.<\/em><\/strong><\/span><\/h3>\r\n<p><a href=\"https:\/\/www.baeckerei-kronsteiner.at\/start\/wp-content\/uploads\/2021\/05\/Ybbstaler-Bauernbrot.png\"><img loading=\"lazy\" decoding=\"async\" class=\"aligncenter wp-image-430\" title=\"B\u00e4ckerei Patrick Kronsteiner - Ybbstaler Bauernbrot\" src=\"https:\/\/www.baeckerei-kronsteiner.at\/start\/wp-content\/uploads\/2021\/05\/Ybbstaler-Bauernbrot.png\" alt=\"Ybbstaler Bauernbrot\" width=\"680\" height=\"444\" srcset=\"https:\/\/www.baeckerei-kronsteiner.at\/start\/wp-content\/uploads\/2021\/05\/Ybbstaler-Bauernbrot.png 1062w, https:\/\/www.baeckerei-kronsteiner.at\/start\/wp-content\/uploads\/2021\/05\/Ybbstaler-Bauernbrot-300x196.png 300w, https:\/\/www.baeckerei-kronsteiner.at\/start\/wp-content\/uploads\/2021\/05\/Ybbstaler-Bauernbrot-1024x668.png 1024w, https:\/\/www.baeckerei-kronsteiner.at\/start\/wp-content\/uploads\/2021\/05\/Ybbstaler-Bauernbrot-768x501.png 768w\" sizes=\"(max-width: 680px) 100vw, 680px\" \/><\/a><\/p>\r\n<p>&nbsp;<\/p>\r\n<p><a href=\"https:\/\/www.baeckerei-kronsteiner.at\/start\/wp-content\/uploads\/2021\/05\/Mostviertler-Bauernbrot.png\"><img loading=\"lazy\" decoding=\"async\" class=\"aligncenter wp-image-428\" title=\"B\u00e4ckerei Patrick Kronsteiner - Mostviertler Bauernbrot\" src=\"https:\/\/www.baeckerei-kronsteiner.at\/start\/wp-content\/uploads\/2021\/05\/Mostviertler-Bauernbrot.png\" alt=\"Mostviertler Bauernbrot\" width=\"680\" height=\"420\" srcset=\"https:\/\/www.baeckerei-kronsteiner.at\/start\/wp-content\/uploads\/2021\/05\/Mostviertler-Bauernbrot.png 1053w, https:\/\/www.baeckerei-kronsteiner.at\/start\/wp-content\/uploads\/2021\/05\/Mostviertler-Bauernbrot-300x185.png 300w, https:\/\/www.baeckerei-kronsteiner.at\/start\/wp-content\/uploads\/2021\/05\/Mostviertler-Bauernbrot-1024x632.png 1024w, https:\/\/www.baeckerei-kronsteiner.at\/start\/wp-content\/uploads\/2021\/05\/Mostviertler-Bauernbrot-768x474.png 768w\" sizes=\"(max-width: 680px) 100vw, 680px\" \/><\/a><\/p>\r\n<figure><\/figure>\r\n<p>&nbsp;<\/p>\r\n<p><a href=\"https:\/\/www.baeckerei-kronsteiner.at\/start\/wp-content\/uploads\/2023\/11\/Dunkler-wecken-mischbrot.png\"><img loading=\"lazy\" decoding=\"async\" class=\"aligncenter wp-image-708\" title=\"B\u00e4ckerei Patrick Kronsteiner - Dunkler Wecken, Mischbrot\" src=\"https:\/\/www.baeckerei-kronsteiner.at\/start\/wp-content\/uploads\/2023\/11\/Dunkler-wecken-mischbrot.png\" alt=\"B\u00e4ckerei Patrick Kronsteiner - Dunkler Wecken, Mischbrot\" width=\"681\" height=\"453\" srcset=\"https:\/\/www.baeckerei-kronsteiner.at\/start\/wp-content\/uploads\/2023\/11\/Dunkler-wecken-mischbrot.png 1055w, https:\/\/www.baeckerei-kronsteiner.at\/start\/wp-content\/uploads\/2023\/11\/Dunkler-wecken-mischbrot-300x200.png 300w, https:\/\/www.baeckerei-kronsteiner.at\/start\/wp-content\/uploads\/2023\/11\/Dunkler-wecken-mischbrot-1024x681.png 1024w, https:\/\/www.baeckerei-kronsteiner.at\/start\/wp-content\/uploads\/2023\/11\/Dunkler-wecken-mischbrot-768x511.png 768w, https:\/\/www.baeckerei-kronsteiner.at\/start\/wp-content\/uploads\/2023\/11\/Dunkler-wecken-mischbrot-272x182.png 272w\" sizes=\"(max-width: 681px) 100vw, 681px\" \/><\/a><\/p>\r\n<p>&nbsp;<\/p>\r\n<p><a href=\"https:\/\/www.baeckerei-kronsteiner.at\/start\/wp-content\/uploads\/2025\/11\/Holzhacker-Vollkornbrot-1.png\"><img loading=\"lazy\" decoding=\"async\" class=\"aligncenter  wp-image-756\" src=\"https:\/\/www.baeckerei-kronsteiner.at\/start\/wp-content\/uploads\/2025\/11\/Holzhacker-Vollkornbrot-1.png\" alt=\"\" width=\"678\" height=\"411\" srcset=\"https:\/\/www.baeckerei-kronsteiner.at\/start\/wp-content\/uploads\/2025\/11\/Holzhacker-Vollkornbrot-1.png 1047w, https:\/\/www.baeckerei-kronsteiner.at\/start\/wp-content\/uploads\/2025\/11\/Holzhacker-Vollkornbrot-1-300x182.png 300w, https:\/\/www.baeckerei-kronsteiner.at\/start\/wp-content\/uploads\/2025\/11\/Holzhacker-Vollkornbrot-1-1024x621.png 1024w, https:\/\/www.baeckerei-kronsteiner.at\/start\/wp-content\/uploads\/2025\/11\/Holzhacker-Vollkornbrot-1-768x466.png 768w\" sizes=\"(max-width: 678px) 100vw, 678px\" \/><\/a><\/p>\r\n<div class=\"wp-block-image is-style-default\">\u00a0<\/div>\r\n<figure><\/figure>\r\n<div class=\"wp-block-image is-style-default\">\r\n<figure><a href=\"https:\/\/www.baeckerei-kronsteiner.at\/start\/wp-content\/uploads\/2021\/03\/Brot1.png\"><img loading=\"lazy\" decoding=\"async\" class=\"aligncenter wp-image-392\" title=\"B\u00e4ckerei Patrick Kronsteiner Dinkelvollkornbrot und K\u00fcrbiskernbrot\" src=\"https:\/\/www.baeckerei-kronsteiner.at\/start\/wp-content\/uploads\/2021\/03\/Brot1.png\" alt=\"Dinkelvollkornbrot und K\u00fcrbiskernbrot \" width=\"680\" height=\"477\" srcset=\"https:\/\/www.baeckerei-kronsteiner.at\/start\/wp-content\/uploads\/2021\/03\/Brot1.png 1070w, https:\/\/www.baeckerei-kronsteiner.at\/start\/wp-content\/uploads\/2021\/03\/Brot1-300x211.png 300w, https:\/\/www.baeckerei-kronsteiner.at\/start\/wp-content\/uploads\/2021\/03\/Brot1-1024x719.png 1024w, https:\/\/www.baeckerei-kronsteiner.at\/start\/wp-content\/uploads\/2021\/03\/Brot1-768x539.png 768w\" sizes=\"(max-width: 680px) 100vw, 680px\" \/><\/a><\/figure>\r\n<\/div>\r\n<figure><\/figure>\r\n<p>&nbsp;<\/p>\r\n<div class=\"wp-block-image is-style-default\">\r\n<figure><a href=\"https:\/\/www.baeckerei-kronsteiner.at\/start\/wp-content\/uploads\/2021\/02\/Sonnenblumenbrot.png\"><img loading=\"lazy\" decoding=\"async\" class=\"aligncenter wp-image-370\" title=\"B\u00e4ckerei Patrick Kronsteiner - Sonnenblumenbrot\" src=\"https:\/\/www.baeckerei-kronsteiner.at\/start\/wp-content\/uploads\/2021\/02\/Sonnenblumenbrot.png\" alt=\"Sonnenblumenbrot\" width=\"680\" height=\"492\" srcset=\"https:\/\/www.baeckerei-kronsteiner.at\/start\/wp-content\/uploads\/2021\/02\/Sonnenblumenbrot.png 889w, https:\/\/www.baeckerei-kronsteiner.at\/start\/wp-content\/uploads\/2021\/02\/Sonnenblumenbrot-300x217.png 300w, https:\/\/www.baeckerei-kronsteiner.at\/start\/wp-content\/uploads\/2021\/02\/Sonnenblumenbrot-768x556.png 768w\" sizes=\"(max-width: 680px) 100vw, 680px\" \/><\/a><\/figure>\r\n<\/div>\r\n<figure><\/figure>\r\n<p>&nbsp;<\/p>\r\n<div class=\"wp-block-image is-style-default\">\r\n<figure class=\"aligncenter size-large\"><a href=\"https:\/\/www.baeckerei-kronsteiner.at\/start\/wp-content\/uploads\/2021\/10\/Heidekornbrot.png\"><img loading=\"lazy\" decoding=\"async\" class=\"aligncenter wp-image-476\" title=\"B\u00e4ckerei Patrick Kronsteiner - Heidekornbrot\" src=\"https:\/\/www.baeckerei-kronsteiner.at\/start\/wp-content\/uploads\/2021\/10\/Heidekornbrot.png\" alt=\"Heidekornbrot\" width=\"681\" height=\"491\" srcset=\"https:\/\/www.baeckerei-kronsteiner.at\/start\/wp-content\/uploads\/2021\/10\/Heidekornbrot.png 918w, https:\/\/www.baeckerei-kronsteiner.at\/start\/wp-content\/uploads\/2021\/10\/Heidekornbrot-300x216.png 300w, https:\/\/www.baeckerei-kronsteiner.at\/start\/wp-content\/uploads\/2021\/10\/Heidekornbrot-768x554.png 768w\" sizes=\"(max-width: 681px) 100vw, 681px\" \/><\/a><\/figure>\r\n<\/div>\r\n\r\n\r\n\r\n<p>&nbsp;<\/p>\r\n<p><a href=\"https:\/\/www.baeckerei-kronsteiner.at\/start\/wp-content\/uploads\/2021\/03\/Brot2-1.png\"><img loading=\"lazy\" decoding=\"async\" class=\"aligncenter wp-image-391\" title=\"B\u00e4ckerei Patrick Kronsteiner - Purpurbrot, Sechskornbrot\" src=\"https:\/\/www.baeckerei-kronsteiner.at\/start\/wp-content\/uploads\/2021\/03\/Brot2-1.png\" alt=\"Purpurbrot und Sechskornbrot \" width=\"681\" height=\"481\" srcset=\"https:\/\/www.baeckerei-kronsteiner.at\/start\/wp-content\/uploads\/2021\/03\/Brot2-1.png 1067w, https:\/\/www.baeckerei-kronsteiner.at\/start\/wp-content\/uploads\/2021\/03\/Brot2-1-300x212.png 300w, https:\/\/www.baeckerei-kronsteiner.at\/start\/wp-content\/uploads\/2021\/03\/Brot2-1-1024x723.png 1024w, https:\/\/www.baeckerei-kronsteiner.at\/start\/wp-content\/uploads\/2021\/03\/Brot2-1-768x542.png 768w\" sizes=\"(max-width: 681px) 100vw, 681px\" \/><\/a><\/p>\r\n\r\n\r\n\r\n<p>&nbsp;<\/p>\r\n<hr \/>\r\n<h1><strong><em><span style=\"color: #008000;\">Korngeb\u00e4ck und Formgeb\u00e4ck:<\/span><\/em><\/strong><\/h1>\r\n<div>\u00a0<\/div>\r\n<div><a href=\"https:\/\/www.baeckerei-kronsteiner.at\/start\/wp-content\/uploads\/2021\/05\/Handsemmeln.png\"><img loading=\"lazy\" decoding=\"async\" class=\"aligncenter wp-image-417\" title=\"B\u00e4ckerei Patrick Kronsteiner - Handsemmel\" src=\"https:\/\/www.baeckerei-kronsteiner.at\/start\/wp-content\/uploads\/2021\/05\/Handsemmeln.png\" alt=\"Handsemmel\" width=\"680\" height=\"446\" srcset=\"https:\/\/www.baeckerei-kronsteiner.at\/start\/wp-content\/uploads\/2021\/05\/Handsemmeln.png 1027w, https:\/\/www.baeckerei-kronsteiner.at\/start\/wp-content\/uploads\/2021\/05\/Handsemmeln-300x197.png 300w, https:\/\/www.baeckerei-kronsteiner.at\/start\/wp-content\/uploads\/2021\/05\/Handsemmeln-1024x672.png 1024w, https:\/\/www.baeckerei-kronsteiner.at\/start\/wp-content\/uploads\/2021\/05\/Handsemmeln-768x504.png 768w\" sizes=\"(max-width: 680px) 100vw, 680px\" \/><\/a><\/div>\r\n<div>\u00a0<\/div>\r\n<div>\u00a0<\/div>\r\n<div><a href=\"https:\/\/www.baeckerei-kronsteiner.at\/start\/wp-content\/uploads\/2021\/03\/Dinkelgebaeck-werbung.png\"><img loading=\"lazy\" decoding=\"async\" class=\"aligncenter wp-image-389\" title=\"B\u00e4ckerei Patrick Kronsteiner - Dinkelsemmel, Dinkelw\u00fcrfel, Dinkelknopf\" src=\"https:\/\/www.baeckerei-kronsteiner.at\/start\/wp-content\/uploads\/2021\/03\/Dinkelgebaeck-werbung.png\" alt=\"Dinkelgeb\u00e4ck\" width=\"680\" height=\"495\" srcset=\"https:\/\/www.baeckerei-kronsteiner.at\/start\/wp-content\/uploads\/2021\/03\/Dinkelgebaeck-werbung.png 925w, https:\/\/www.baeckerei-kronsteiner.at\/start\/wp-content\/uploads\/2021\/03\/Dinkelgebaeck-werbung-300x219.png 300w, https:\/\/www.baeckerei-kronsteiner.at\/start\/wp-content\/uploads\/2021\/03\/Dinkelgebaeck-werbung-768x560.png 768w\" sizes=\"(max-width: 680px) 100vw, 680px\" \/><\/a><\/div>\r\n<div>\u00a0<\/div>\r\n<div>\u00a0<\/div>\r\n<div><a href=\"https:\/\/www.baeckerei-kronsteiner.at\/start\/wp-content\/uploads\/2021\/09\/Jausnweckerl-neu.png\"><img loading=\"lazy\" decoding=\"async\" class=\"aligncenter wp-image-447 size-full\" title=\"B\u00e4ckerei Patrick Kronsteiner - Jausenweckerl\" src=\"https:\/\/www.baeckerei-kronsteiner.at\/start\/wp-content\/uploads\/2021\/09\/Jausnweckerl-neu.png\" alt=\"Jausenweckerl\" width=\"524\" height=\"663\" srcset=\"https:\/\/www.baeckerei-kronsteiner.at\/start\/wp-content\/uploads\/2021\/09\/Jausnweckerl-neu.png 524w, https:\/\/www.baeckerei-kronsteiner.at\/start\/wp-content\/uploads\/2021\/09\/Jausnweckerl-neu-237x300.png 237w\" sizes=\"(max-width: 524px) 100vw, 524px\" \/><\/a><\/div>\r\n<div>\u00a0<\/div>\r\n<div>\u00a0<\/div>\r\n<div><a href=\"https:\/\/www.baeckerei-kronsteiner.at\/start\/wp-content\/uploads\/2021\/10\/Echte-Klassiker-1.png\"><img loading=\"lazy\" decoding=\"async\" class=\"aligncenter wp-image-483\" title=\"B\u00e4ckerei Patrick Kronsteiner- Mohnweckerl, Laugenstangerl, K\u00e4sestangerl, Kornspitz, Joghurt Riegel \" src=\"https:\/\/www.baeckerei-kronsteiner.at\/start\/wp-content\/uploads\/2021\/10\/Echte-Klassiker-1.png\" alt=\"Mohnweckerl, Laugenstangerl, K\u00e4sestangerl, Kornspitz, Joghurt Riegel\" width=\"680\" height=\"458\" srcset=\"https:\/\/www.baeckerei-kronsteiner.at\/start\/wp-content\/uploads\/2021\/10\/Echte-Klassiker-1.png 1069w, https:\/\/www.baeckerei-kronsteiner.at\/start\/wp-content\/uploads\/2021\/10\/Echte-Klassiker-1-300x202.png 300w, https:\/\/www.baeckerei-kronsteiner.at\/start\/wp-content\/uploads\/2021\/10\/Echte-Klassiker-1-1024x690.png 1024w, https:\/\/www.baeckerei-kronsteiner.at\/start\/wp-content\/uploads\/2021\/10\/Echte-Klassiker-1-768x517.png 768w\" sizes=\"(max-width: 680px) 100vw, 680px\" \/><\/a><\/div>\r\n<div>\u00a0<\/div>\r\n<div>\u00a0<\/div>\r\n<div><a href=\"https:\/\/www.baeckerei-kronsteiner.at\/start\/wp-content\/uploads\/2021\/10\/Werbung-Eiweissspitz.png\"><img loading=\"lazy\" decoding=\"async\" class=\"aligncenter wp-image-478\" title=\"Eiwei\u00dfspitz\" src=\"https:\/\/www.baeckerei-kronsteiner.at\/start\/wp-content\/uploads\/2021\/10\/Werbung-Eiweissspitz.png\" alt=\"Eiwei\u00dfspitz\" width=\"680\" height=\"482\" srcset=\"https:\/\/www.baeckerei-kronsteiner.at\/start\/wp-content\/uploads\/2021\/10\/Werbung-Eiweissspitz.png 925w, https:\/\/www.baeckerei-kronsteiner.at\/start\/wp-content\/uploads\/2021\/10\/Werbung-Eiweissspitz-300x213.png 300w, https:\/\/www.baeckerei-kronsteiner.at\/start\/wp-content\/uploads\/2021\/10\/Werbung-Eiweissspitz-768x545.png 768w\" sizes=\"(max-width: 680px) 100vw, 680px\" \/><\/a><\/div>\r\n<div>\u00a0<\/div>\r\n<div>\u00a0<\/div>\r\n<div><hr \/><\/div>\r\n<h1><span style=\"color: #008000;\">Mehlspeisen und Plunder:<\/span><\/h1>\r\n<h3 style=\"text-align: center;\"><span style=\"color: #5f6496;\">Mehlspeisen abwechselnd je nach Saison. <\/span><br \/><span style=\"color: #5f6496;\">Bei fr\u00fchzeitiger Bestellung <\/span><br \/><span style=\"color: #5f6496;\">gehen wir gehen wir auch gerne <\/span><br \/><span style=\"color: #5f6496;\">auf Sonderw\u00fcnsche ein.<\/span><\/h3>\r\n<p>&nbsp;<\/p>\r\n<p><a href=\"https:\/\/www.baeckerei-kronsteiner.at\/start\/wp-content\/uploads\/2023\/11\/mohnzelten.png\"><img loading=\"lazy\" decoding=\"async\" class=\"aligncenter wp-image-706\" title=\"B\u00e4ckerei Patrick Kronsteiner - Mohnzelten\" src=\"https:\/\/www.baeckerei-kronsteiner.at\/start\/wp-content\/uploads\/2023\/11\/mohnzelten.png\" alt=\"B\u00e4ckerei Patrick Kronsteiner - Mohnzelten\" width=\"680\" height=\"416\" srcset=\"https:\/\/www.baeckerei-kronsteiner.at\/start\/wp-content\/uploads\/2023\/11\/mohnzelten.png 1050w, https:\/\/www.baeckerei-kronsteiner.at\/start\/wp-content\/uploads\/2023\/11\/mohnzelten-300x183.png 300w, https:\/\/www.baeckerei-kronsteiner.at\/start\/wp-content\/uploads\/2023\/11\/mohnzelten-1024x626.png 1024w, https:\/\/www.baeckerei-kronsteiner.at\/start\/wp-content\/uploads\/2023\/11\/mohnzelten-768x470.png 768w\" sizes=\"(max-width: 680px) 100vw, 680px\" \/><\/a><\/p>\r\n<p>&nbsp;<\/p>\r\n<p><a href=\"https:\/\/www.baeckerei-kronsteiner.at\/start\/wp-content\/uploads\/2023\/11\/bauernkrapfen.png\"><img loading=\"lazy\" decoding=\"async\" class=\"aligncenter wp-image-707\" title=\"B\u00e4ckerei Patrick Kronsteiner Bauernkrapfen\" src=\"https:\/\/www.baeckerei-kronsteiner.at\/start\/wp-content\/uploads\/2023\/11\/bauernkrapfen.png\" alt=\"B\u00e4ckerei Patrick Kronsteiner- Bauernkrapfen\r\n\" width=\"680\" height=\"451\" srcset=\"https:\/\/www.baeckerei-kronsteiner.at\/start\/wp-content\/uploads\/2023\/11\/bauernkrapfen.png 1058w, https:\/\/www.baeckerei-kronsteiner.at\/start\/wp-content\/uploads\/2023\/11\/bauernkrapfen-300x199.png 300w, https:\/\/www.baeckerei-kronsteiner.at\/start\/wp-content\/uploads\/2023\/11\/bauernkrapfen-1024x678.png 1024w, https:\/\/www.baeckerei-kronsteiner.at\/start\/wp-content\/uploads\/2023\/11\/bauernkrapfen-768x509.png 768w\" sizes=\"(max-width: 680px) 100vw, 680px\" \/><\/a><\/p>\r\n<p>&nbsp;<\/p>\r\n<p><a href=\"https:\/\/www.baeckerei-kronsteiner.at\/start\/wp-content\/uploads\/2023\/04\/Stollen.jpg\"><img loading=\"lazy\" decoding=\"async\" class=\"aligncenter wp-image-681\" title=\"B\u00e4ckerei Patrick Kronsteiner - Stollen\" src=\"https:\/\/www.baeckerei-kronsteiner.at\/start\/wp-content\/uploads\/2023\/04\/Stollen.jpg\" alt=\"Stollen mit Rosinen\" width=\"679\" height=\"472\" srcset=\"https:\/\/www.baeckerei-kronsteiner.at\/start\/wp-content\/uploads\/2023\/04\/Stollen.jpg 752w, https:\/\/www.baeckerei-kronsteiner.at\/start\/wp-content\/uploads\/2023\/04\/Stollen-300x209.jpg 300w\" sizes=\"(max-width: 679px) 100vw, 679px\" \/><\/a><\/p>\r\n<p>&nbsp;<\/p>\r\n<p><a href=\"https:\/\/www.baeckerei-kronsteiner.at\/start\/wp-content\/uploads\/2021\/10\/Aus-unserer-Suessen-Ecke.png\"><img loading=\"lazy\" decoding=\"async\" class=\"aligncenter wp-image-477\" title=\"B\u00e4ckerei Patrick Kronsteiner - Esterhazy Schnitte, Nougat Roulade, Schaumrolle\" src=\"https:\/\/www.baeckerei-kronsteiner.at\/start\/wp-content\/uploads\/2021\/10\/Aus-unserer-Suessen-Ecke.png\" alt=\"Esterhazy Schnitte, Nougat Roulade, Schaumrolle, Nussstollen\" width=\"680\" height=\"489\" srcset=\"https:\/\/www.baeckerei-kronsteiner.at\/start\/wp-content\/uploads\/2021\/10\/Aus-unserer-Suessen-Ecke.png 1048w, https:\/\/www.baeckerei-kronsteiner.at\/start\/wp-content\/uploads\/2021\/10\/Aus-unserer-Suessen-Ecke-300x216.png 300w, https:\/\/www.baeckerei-kronsteiner.at\/start\/wp-content\/uploads\/2021\/10\/Aus-unserer-Suessen-Ecke-1024x736.png 1024w, https:\/\/www.baeckerei-kronsteiner.at\/start\/wp-content\/uploads\/2021\/10\/Aus-unserer-Suessen-Ecke-768x552.png 768w\" sizes=\"(max-width: 680px) 100vw, 680px\" \/><\/a><\/p>\r\n<h3>\u00a0<\/h3>\r\n<h3 style=\"text-align: center;\"><a href=\"https:\/\/www.baeckerei-kronsteiner.at\/start\/wp-content\/uploads\/2024\/02\/Mehlspeise-Sortiment.png\"><img loading=\"lazy\" decoding=\"async\" class=\"aligncenter wp-image-716\" title=\"B\u00e4ckerei Patrick Kronsteiner Mehlspeisen\" src=\"https:\/\/www.baeckerei-kronsteiner.at\/start\/wp-content\/uploads\/2024\/02\/Mehlspeise-Sortiment.png\" alt=\"B\u00e4ckerei Patrick Kronsteiner - Mehlspeisen\" width=\"673\" height=\"474\" srcset=\"https:\/\/www.baeckerei-kronsteiner.at\/start\/wp-content\/uploads\/2024\/02\/Mehlspeise-Sortiment.png 755w, https:\/\/www.baeckerei-kronsteiner.at\/start\/wp-content\/uploads\/2024\/02\/Mehlspeise-Sortiment-300x211.png 300w\" sizes=\"(max-width: 673px) 100vw, 673px\" \/><\/a><\/h3>\r\n<div>\u00a0<\/div>\r\n<div>\u00a0<\/div>\r\n<div><a href=\"https:\/\/www.baeckerei-kronsteiner.at\/start\/wp-content\/uploads\/2021\/11\/nussbeugl.png\"><img loading=\"lazy\" decoding=\"async\" class=\"aligncenter wp-image-501\" title=\"B\u00e4ckerei Patrick Kronsteiner - Nussbeugel\" src=\"https:\/\/www.baeckerei-kronsteiner.at\/start\/wp-content\/uploads\/2021\/11\/nussbeugl.png\" alt=\"Nussbeugel\" width=\"532\" height=\"611\" srcset=\"https:\/\/www.baeckerei-kronsteiner.at\/start\/wp-content\/uploads\/2021\/11\/nussbeugl.png 654w, https:\/\/www.baeckerei-kronsteiner.at\/start\/wp-content\/uploads\/2021\/11\/nussbeugl-261x300.png 261w\" sizes=\"(max-width: 532px) 100vw, 532px\" \/><\/a><\/div>\r\n<div>\u00a0<\/div>\r\n<div>\u00a0<\/div>\r\n<div>\u00a0<\/div>\r\n<div><a href=\"https:\/\/www.baeckerei-kronsteiner.at\/start\/wp-content\/uploads\/2021\/10\/Alles-Linzer.png\"><img loading=\"lazy\" decoding=\"async\" class=\"aligncenter wp-image-491\" title=\"B\u00e4ckerei Patrick Kronsteiner - Linzerauge, Linzerschnitte, Linzerstangerl\" src=\"https:\/\/www.baeckerei-kronsteiner.at\/start\/wp-content\/uploads\/2021\/10\/Alles-Linzer.png\" alt=\"Linzerauge, Linzerstangerl, Linzerschnitte\" width=\"680\" height=\"463\" srcset=\"https:\/\/www.baeckerei-kronsteiner.at\/start\/wp-content\/uploads\/2021\/10\/Alles-Linzer.png 1025w, https:\/\/www.baeckerei-kronsteiner.at\/start\/wp-content\/uploads\/2021\/10\/Alles-Linzer-300x205.png 300w, https:\/\/www.baeckerei-kronsteiner.at\/start\/wp-content\/uploads\/2021\/10\/Alles-Linzer-768x524.png 768w\" sizes=\"(max-width: 680px) 100vw, 680px\" \/><\/a><\/div>\r\n<div>\u00a0<\/div>\r\n<div><hr \/><\/div>\r\n<div>\u00a0<\/div>\r\n<div>\u00a0<\/div>\r\n<div class=\"wp-block-file aligncenter\">Preisliste Dezember 2025 <a href=\"https:\/\/www.baeckerei-kronsteiner.at\/start\/wp-content\/uploads\/2025\/12\/PREISLISTE12.2025png.png\">Herunterladen<\/a><\/div>\r\n\r\n\r\n\r\n<figure class=\"wp-block-image size-large\"><a href=\"https:\/\/www.baeckerei-kronsteiner.at\/start\/wp-content\/uploads\/2025\/12\/PREISLISTE12.2025png.png\"><img loading=\"lazy\" decoding=\"async\" class=\"aligncenter wp-image-760 size-full\" title=\"B\u00e4ckerei Patrick Kronsteiner - Preisliste\" src=\"https:\/\/www.baeckerei-kronsteiner.at\/start\/wp-content\/uploads\/2025\/12\/PREISLISTE12.2025png.png\" alt=\"\" width=\"1112\" height=\"787\" srcset=\"https:\/\/www.baeckerei-kronsteiner.at\/start\/wp-content\/uploads\/2025\/12\/PREISLISTE12.2025png.png 1112w, https:\/\/www.baeckerei-kronsteiner.at\/start\/wp-content\/uploads\/2025\/12\/PREISLISTE12.2025png-300x212.png 300w, https:\/\/www.baeckerei-kronsteiner.at\/start\/wp-content\/uploads\/2025\/12\/PREISLISTE12.2025png-1024x725.png 1024w, https:\/\/www.baeckerei-kronsteiner.at\/start\/wp-content\/uploads\/2025\/12\/PREISLISTE12.2025png-768x544.png 768w\" sizes=\"(max-width: 1112px) 100vw, 1112px\" \/><\/a><\/figure>\r\n<div class=\"pvc_clear\"><\/div><p id=\"pvc_stats_261\" class=\"pvc_stats all  \" data-element-id=\"261\" style=\"\"><i class=\"pvc-stats-icon medium\" aria-hidden=\"true\"><svg aria-hidden=\"true\" focusable=\"false\" data-prefix=\"far\" data-icon=\"chart-bar\" role=\"img\" xmlns=\"http:\/\/www.w3.org\/2000\/svg\" viewBox=\"0 0 512 512\" class=\"svg-inline--fa fa-chart-bar fa-w-16 fa-2x\"><path fill=\"currentColor\" d=\"M396.8 352h22.4c6.4 0 12.8-6.4 12.8-12.8V108.8c0-6.4-6.4-12.8-12.8-12.8h-22.4c-6.4 0-12.8 6.4-12.8 12.8v230.4c0 6.4 6.4 12.8 12.8 12.8zm-192 0h22.4c6.4 0 12.8-6.4 12.8-12.8V140.8c0-6.4-6.4-12.8-12.8-12.8h-22.4c-6.4 0-12.8 6.4-12.8 12.8v198.4c0 6.4 6.4 12.8 12.8 12.8zm96 0h22.4c6.4 0 12.8-6.4 12.8-12.8V204.8c0-6.4-6.4-12.8-12.8-12.8h-22.4c-6.4 0-12.8 6.4-12.8 12.8v134.4c0 6.4 6.4 12.8 12.8 12.8zM496 400H48V80c0-8.84-7.16-16-16-16H16C7.16 64 0 71.16 0 80v336c0 17.67 14.33 32 32 32h464c8.84 0 16-7.16 16-16v-16c0-8.84-7.16-16-16-16zm-387.2-48h22.4c6.4 0 12.8-6.4 12.8-12.8v-70.4c0-6.4-6.4-12.8-12.8-12.8h-22.4c-6.4 0-12.8 6.4-12.8 12.8v70.4c0 6.4 6.4 12.8 12.8 12.8z\" class=\"\"><\/path><\/svg><\/i> <img loading=\"lazy\" decoding=\"async\" width=\"16\" height=\"16\" alt=\"Loading\" src=\"https:\/\/www.baeckerei-kronsteiner.at\/start\/wp-content\/plugins\/page-views-count\/ajax-loader-2x.gif\" border=0 \/><\/p><div class=\"pvc_clear\"><\/div>","protected":false},"excerpt":{"rendered":"<p>Als regionale B\u00e4ckerei achten wir besonders auf die Qualit\u00e4t unserer Produkte und beziehen so weit wie m\u00f6glich unsere Rohstoffe von regionalen Lieferanten. &nbsp; &nbsp;<\/p>\n<div class=\"pvc_clear\"><\/div>\n<p id=\"pvc_stats_261\" class=\"pvc_stats all  \" data-element-id=\"261\" style=\"\"><i class=\"pvc-stats-icon medium\" aria-hidden=\"true\"><svg aria-hidden=\"true\" focusable=\"false\" data-prefix=\"far\" data-icon=\"chart-bar\" role=\"img\" xmlns=\"http:\/\/www.w3.org\/2000\/svg\" viewBox=\"0 0 512 512\" class=\"svg-inline--fa fa-chart-bar fa-w-16 fa-2x\"><path fill=\"currentColor\" d=\"M396.8 352h22.4c6.4 0 12.8-6.4 12.8-12.8V108.8c0-6.4-6.4-12.8-12.8-12.8h-22.4c-6.4 0-12.8 6.4-12.8 12.8v230.4c0 6.4 6.4 12.8 12.8 12.8zm-192 0h22.4c6.4 0 12.8-6.4 12.8-12.8V140.8c0-6.4-6.4-12.8-12.8-12.8h-22.4c-6.4 0-12.8 6.4-12.8 12.8v198.4c0 6.4 6.4 12.8 12.8 12.8zm96 0h22.4c6.4 0 12.8-6.4 12.8-12.8V204.8c0-6.4-6.4-12.8-12.8-12.8h-22.4c-6.4 0-12.8 6.4-12.8 12.8v134.4c0 6.4 6.4 12.8 12.8 12.8zM496 400H48V80c0-8.84-7.16-16-16-16H16C7.16 64 0 71.16 0 80v336c0 17.67 14.33 32 32 32h464c8.84 0 16-7.16 16-16v-16c0-8.84-7.16-16-16-16zm-387.2-48h22.4c6.4 0 12.8-6.4 12.8-12.8v-70.4c0-6.4-6.4-12.8-12.8-12.8h-22.4c-6.4 0-12.8 6.4-12.8 12.8v70.4c0 6.4 6.4 12.8 12.8 12.8z\" class=\"\"><\/path><\/svg><\/i> <img loading=\"lazy\" decoding=\"async\" width=\"16\" height=\"16\" alt=\"Loading\" src=\"https:\/\/www.baeckerei-kronsteiner.at\/start\/wp-content\/plugins\/page-views-count\/ajax-loader-2x.gif\" border=0 \/><\/p>\n<div class=\"pvc_clear\"><\/div>\n","protected":false},"author":3,"featured_media":72,"parent":0,"menu_order":0,"comment_status":"closed","ping_status":"closed","template":"","meta":{"amp_status":"","footnotes":""},"class_list":["post-261","page","type-page","status-publish","has-post-thumbnail","hentry","nodate","item-wrap"],"_links":{"self":[{"href":"https:\/\/www.baeckerei-kronsteiner.at\/start\/wp-json\/wp\/v2\/pages\/261"}],"collection":[{"href":"https:\/\/www.baeckerei-kronsteiner.at\/start\/wp-json\/wp\/v2\/pages"}],"about":[{"href":"https:\/\/www.baeckerei-kronsteiner.at\/start\/wp-json\/wp\/v2\/types\/page"}],"author":[{"embeddable":true,"href":"https:\/\/www.baeckerei-kronsteiner.at\/start\/wp-json\/wp\/v2\/users\/3"}],"replies":[{"embeddable":true,"href":"https:\/\/www.baeckerei-kronsteiner.at\/start\/wp-json\/wp\/v2\/comments?post=261"}],"version-history":[{"count":41,"href":"https:\/\/www.baeckerei-kronsteiner.at\/start\/wp-json\/wp\/v2\/pages\/261\/revisions"}],"predecessor-version":[{"id":599,"href":"https:\/\/www.baeckerei-kronsteiner.at\/start\/wp-json\/wp\/v2\/pages\/261\/revisions\/599"}],"wp:featuredmedia":[{"embeddable":true,"href":"https:\/\/www.baeckerei-kronsteiner.at\/start\/wp-json\/wp\/v2\/media\/72"}],"wp:attachment":[{"href":"https:\/\/www.baeckerei-kronsteiner.at\/start\/wp-json\/wp\/v2\/media?parent=261"}],"curies":[{"name":"wp","href":"https:\/\/api.w.org\/{rel}","templated":true}]}}